*c - 3064. What is j(10)?
-344
Let o(j) = 2847*j - 24120. Give o(8).
-1344
Let w(l) = -6901*l - 7286. Calculate w(-1).
-385
Let m(d) = 141*d**2 - 1276*d + 9. Determine m(9).
-54
Let d(k) = k**3 + 15*k**2 + 474*k - 2137. Determine d(4).
63
Let h(v) = -1002*v + 253572. Give h(253).
66
Let q(o) = 4*o**3 + 2*o**2 + 55*o - 360. Calculate q(4).
148
Let j(d) = -69*d**2 - 2104*d - 721. Calculate j(-30).
299
Let n(r) = -34869*r + 313813. Calculate n(9).
-8
Let a(t) = 22647*t**2 - 3397051*t + 149. What is a(150)?
-1
Let j(o) = 2*o**2 - 17613*o + 404040. What is j(23)?
-1
Let w(c) = c**3 + 155*c**2 + 3384*c + 779. Determine w(-26).
-1
Let d(n) = -n**3 + 385*n**2 - 18708*n + 718. Calculate d(57).
34
Let j(i) = 2*i**2 - 390*i + 18500. Determine j(111).
-148
Let f(b) = 469*b**2 + 282*b + 564. Calculate f(-2).
1876
Let y(a) = a**3 - 17*a**2 - 381*a + 33. Calculate y(27).
-2964
Let p(a) = -25*a**2 - 23213*a + 34406. What is p(-930)?
-4
Let v(z) = 9*z**2 - 734*z - 314. Determine v(82).
14
Let v(j) = 3*j**3 + 70*j**2 - 936*j - 11910. Determine v(-9).
-3
Let w(c) = -c**3 - 110*c**2 - 187*c - 6264. What is w(-109)?
2238
Let n(g) = -1019*g - 3443. Determine n(-4).
633
Let r(f) = f**3 - 7*f**2 - 1608*f - 2114. Calculate r(-36).
46
Let x(m) = -2*m**3 + 355*m**2 + 154*m + 4288. What is x(178)?
16
Let s(x) = 241*x - 105003. What is s(436)?
73
Let m(r) = -34564*r + 243786. Determine m(7).
1838
Let k(a) = 5980*a - 3510252. Calculate k(587).
8
Let s(f) = -3*f**3 + 134*f**2 + 186*f - 468. Calculate s(46).
-376
Let x(o) = o**2 + 13781*o - 165530. Give x(12).
-14
Let u(h) = -37547*h - 75128. Give u(-2).
-34
Let d(u) = 1106*u - 169. Determine d(-2).
-2381
Let p(z) = 2*z**2 + 9*z - 339. What is p(11)?
2
Let a(z) = -1054579*z + 5272918. Determine a(5).
23
Let s(j) = -547*j - 428842. Determine s(-784).
6
Let o(m) = 4*m**3 + 2893*m**2 - 2212*m - 28947. Determine o(-724).
13
Let y(z) = z**3 + 286*z**2 + 566*z - 6. What is y(-2)?
-2
Let c(x) = -2*x**3 - 39*x**2 - 59*x + 5. What is c(-18)?
95
Let k(d) = d**2 + 45*d - 2260. Determine k(31).
96
Let w(q) = 26*q**3 + 3267*q**2 - 1133*q - 150. Give w(-126).
-276
Let m(u) = -299*u**2 + 8829*u - 12811. Give m(28).
-15
Let d(x) = 26*x**2 + 362*x + 1261. What is d(-8)?
29
Let u(z) = -2*z**2 + 1126*z - 82056. Give u(86).
-12
Let s(w) = -w**3 + 143*w**2 - 416*w - 558. Determine s(140).
2
Let z(y) = 5374*y - 155774. Determine z(29).
72
Let z(c) = 2*c**3 + 24*c**2 + 5599*c + 61460. Determine z(-11).
113
Let l(w) = 17103*w - 2787789. Determine l(163).
0
Let s(u) = -2*u**3 + 48*u**2 - 8*u + 155. What is s(24)?
-37
Let d(y) = 249*y**2 - 1245*y + 80. Calculate d(7).
3566
Let m(f) = 2418*f - 7041. Determine m(2).
-2205
Let f(t) = 70*t**2 + 2188*t + 474. What is f(-31)?
-84
Let o(w) = w**3 - 379*w**2 - 809*w + 17899. Determine o(381).
-8
Let k(o) = 1336*o + 981958. Give k(-735).
-2
Let m(x) = 5539*x - 293555. What is m(53)?
12
Let b(d) = -d**3 - 4*d**2 + 461*d + 1832. Calculate b(-4).
-12
Let z(o) = -o**3 - 38*o**2 - 373*o + 35. Give z(-19).
263
Let g(k) = 42*k**2 + 2745*k + 2746. Determine g(-1).
43
Let t(i) = 5*i**2 + 16697*i + 116856. Calculate t(-7).
222
Let f(t) = -1361*t - 23114. Calculate f(-17).
23
Let c(q) = -3*q**3 - 749*q**2 - 510*q - 2931. Give c(-249).
57
Let v(k) = k**3 + 32*k**2 + 387*k + 8883. Give v(-28).
1183
Let u(d) = 5*d**2 - 542*d + 4256. Determine u(99).
-397
Let d(h) = 2*h**2 + 3914*h - 1797878. What is d(384)?
10
Let s(x) = 36*x**3 + 2*x**2 + 850*x - 852. Determine s(1).
36
Let g(m) = -548*m + 48708. What is g(87)?
1032
Let r(a) = -14*a**2 + 1851*a + 9261. What is r(-5)?
-344
Let y(z) = z**3 + 23*z**2 + 19*z - 3. Determine y(-2).
43
Let z(r) = -r**3 + 7*r**2 + 146*r - 4. What is z(15)?
386
Let l(t) = 222*t**2 - 36406*t - 340. Give l(164).
-12
Let o(x) = 6*x**3 + 61*x**2 + 1561*x + 15469. Give o(-10).
-41
Let z(y) = 3627*y + 65300. Give z(-18).
14
Let q(m) = 609*m - 30408. Determine q(50).
42
Let t(w) = w**2 + 67451*w + 472127. What is t(-7)?
19
Let z(y) = 20*y - 928. Calculate z(24).
-448
Let w(m) = 96*m + 9670. Calculate w(-99).
166
Let v(p) = -137526*p + 2475469. What is v(18)?
1
Let u(y) = 30*y**3 + 832*y**2 + 592*y - 141. What is u(-27)?
-87
Let u(g) = 7*g**3 - 573*g**2 - 653*g - 928. Determine u(83).
-15
Let r(x) = -x**3 + 26*x**2 + 516*x + 634. Give r(-12).
-86
Let m(z) = 64471*z + 1998595. Give m(-31).
-6
Let t(p) = -708*p + 547986. What is t(774)?
-6
Let s(w) = -3*w**3 - 3*w**2 - 13*w - 139. Determine s(-4).
57
Let l(x) = -2*x**3 - 182*x**2 - 1651*x + 32. What is l(-10)?
342
Let c(o) = 88*o**2 - 12*o + 32. Give c(0).
32
Let k(r) = 3924*r - 227598. Calculate k(58).
-6
Let h(s) = 13492*s + 715062. What is h(-53)?
-14
Let n(d) = 75194*d + 601584. Give n(-8).
32
Let m(t) = 68*t - 2134. Determine m(26).
-366
Let p(g) = 4495*g + 674258. What is p(-150)?
8
Let h(c) = -15498*c + 170436. What is h(11)?
-42
Let r(p) = p**3 + 4*p**2 + 828*p + 5921. Determine r(-7).
-22
Let v(b) = -2*b**3 + 144*b**2 - 135*b - 1724. Determine v(71).
-1227
Let m(u) = -2377*u + 2377. Determine m(1).
0
Let i(t) = t**2 - 2926*t - 197445. What is i(-66)?
27
Let g(m) = 11973*m + 742314. Give g(-62).
-12
Let v(s) = s**3 + 179*s**2 - 362*s - 49. Calculate v(-181).
-49
Let b(g) = -g**3 - 20*g**2 - 64*g + 141. Determine b(-15).
-24
Let g(p) = p**2 + 481*p - 208079. Calculate g(275).
-179
Let g(v) = 172*v**2 - 2082*v + 203. Calculate g(12).
-13
Let w(o) = 1600*o + 16018. Determine w(-10).
18
Let y(f) = 1160746*f + 15089701. What is y(-13)?
3
Let x(p) = -23*p**3 + 284*p**2 + 286*p + 2. Calculate x(-1).
23
Let z(r) = -39*r**3 + 466*r**2 + 88*r - 788. What is z(12)?
-20
Let f(n) = -n**2 - 76*n - 1202. Give f(-26).
98
Let r(n) = -n**3 + 21*n**2 - 788*n + 15362. What is r(20)?
2
Let j(u) = -80*u**2 + 149*u + 187. What is j(-1)?
-42
Let d(h) = 4247*h - 496794. Give d(117).
105
Let l(m) = 231*m + 10370. Calculate l(-50).
-1180
Let g(j) = 150*j**3 + 5*j**2 + 48*j - 104. What is g(2)?
1212
Let f(j) = -40521*j + 121571. Calculate f(3).
8
Let i(c) = -c**3 - c**2 + 39*c - 388. What is i(7)?
-507
Let z(y) = -y**3 - 15*y**2 - 243*y - 2233. Determine z(-14).
973
Let o(p) = -20*p**3 + 70*p**2 + 306*p - 26. What is o(-5)?
2694
Let y(m) = -3873*m - 116154. Give y(-30).
36
Let y(q) = -6*q**2 + 56*q - 411. Calculate y(7).
-313
Let a(b) = -5406*b + 32362. Determine a(6).
-74
Let g(p) = -2*p**2 + 424*p + 70843. Calculate g(322).
3
Let j(c) = 3657*c - 928895. Determine j(254).
-17
Let t(y) = 10*y**3 - 53*y**2 - 1777*y + 10586. What is t(6)?
176
Let m(n) = -3*n**3 - 12*n**2 + 85*n + 244. Calculate m(-6).
-50
Let w(l) = -l**3 + 165*l**2 + 916*l + 49584. What is w(172)?
48
Let j(b) = -11*b**2 - 1207*b - 4633. Determine j(-4).
19
Let q(l) = 1662*l + 1311339. What is q(-789)?
21
Let z(o) = -o**2 + 56729*o - 453762. What is z(8)?
6
Let j(b) = 248*b - 25727. What is j(104)?
65
Let d(o) = -o**3 + 135*o**2 - 1254*o + 476. Calculate d(125).
-24
Let n(o) = 899*o + 8066. Calculate n(-9).
-25
Let w(b) = -13*b**2 - 1706*b - 23021. Give w(-116).
-53
Let r(x) = -3*x**3 + 12*x**2 + 36*x - 116. Calculate r(3).
19
Let g(u) = 33*u - 250. Give g(-16).
-778
Let s(k) = -178*k**2 - 128159*k + 736. Give s(-720).
16
Let p(w) = -15*w**2 + 376*w + 372. What is p(26)?
8
Let d(g) = -2*g**3 - 21*g**2 - 73*g - 44. Determine d(-11).
880
Let j(s) = 150*s**3 + 23851*s**2 + 155*s - 637. Determine j(-159).
-1
Let t(u) = -2*u**2 + 4169*u + 557058. What is t(-126)?
12
Let m(z) = -23033*z - 138174. Give m(-6).
24
Let s(o) = 43*o**3 - 19*o**2 + 118*o + 334. Give s(-2).
-322
Let x(u) = 188613*u + 1131742. Give x(-6).
64
Let u(y) = -y**2 + 367*y - 27029. Determine u(102).
1
Let d(a) = 2491*a - 99692. Give d(40).
-52
Let j(q) = -1297*q + 131543. Calculate j(101).
546
Let q(a) = -2*a**3 + 80*a**2 + 61*a + 539. What is q(41)?
-322
Let c(w) = 292*w + 16732. Give c(-57).
88
Let k(o) = -10632*o + 286668. What is k(27)?
-396
Let q(k) = -k**3 - 60*k**2 - 819*k + 27. What is q(-39)?
27
Let r(g) = 184*g**2 - 1205*g - 168. What is r(9)?
3891
Let m(i) = 2*i**2 + 117*i - 1640. What is m(-16)?
-3000
Let g(t) = -25*t**3 - 105*t**2 + 408*t + 1711. Calculate g(-4).
-1
Let i(a) = -a**3 - 3*a**2 + 32*a + 26. What is i(-7)?
-2
Let l(p) = 813266*p - 14638788. Calculate l(18).
0
Let x(o) = 1264*o**2 - 703*o - 4. Calculate x(1).
557
Let x(j